-33 + -42?
21
What is 12 - (6 - -6) - (-3 + 7)?
-4
What is 1 - 16 - ((21 - 16) + -29)?
9
Evaluate -25 + (1 - -18 - (157 - 152)).
-11
Evaluate 49 + -44 + 24 + -19.
10
(7 - 1) + 30 + -10 + -11
15
What is the value of (-2 - -1) + (-2 - -4) - (-468 - -484)?
-15
What is (11 + -5 - 4) + 4 + 9?
15
48 - (33 - 34) - 29
20
What is the value of -51 + (-9 - -7 - -35)?
-18
What is 10 + -1 + 4 + -10 - -7?
10
What is the value of (23 - -1) + (-44 - -12)?
-8
5 - 0 - (18 + -10)
-3
Evaluate 14 + -30 + 15 - (1 - (6 - 1)).
3
15 + 4 + (-3 - 16)
0
What is the value of -6 + (-9 + 0 + (14 - 7) - -5)?
-3
Calculate -19 + (-4 + (-4 - -8) - (-1 + 8)).
-26
Calculate -51 + 0 + -110 + 87 + 42.
-32
What is (3 - -8) + (-4 - 1) + 1 + -1?
6
What is -4 + 0 + (-1 + -4 - (-21 - -4))?
8
What is -2 + (1 - 9) + -1 + -3?
-14
-16 - (-11 - 9) - (9 + -2)
-3
Calculate -11 + (4 + 2 - (-15 + 22)).
-12
Calculate (-16 - -11) + -15 - 2.
-22
What is the value of -37 + -43 + 39 + (-2 - (3 + -15))?
-31
What is the value of 0 + (5 - 1 - 3) + -6 + 4?
-1
Evaluate (35 - 39) + (-1 - -18).
13
Evaluate -5 + (-28 + 24 - (-6 + -1)).
-2
What is the value of 2 - -1 - (-96 - -88) - (-2 + -15)?
28
Evaluate -310 + 319 + (3 - 2 - 12).
-2
-6 - (-1 + -38 - (1 + 14 - 20))
28
What is (-9 + 0 - 14) + (-1 - 0 - -9)?
-15
Calculate (117 - 136) + 4 + -1.
-16
What is 56 + -55 + 0 + 0?
1
What is the value of 14 + -21 + 6 + (-1 - -29)?
27
Evaluate 5 + 3 - (3 + 1 - 3 - -11).
-4
(-22 - (-16 + 5)) + (-1 - -6)
-6
Evaluate (106 + -110 - (35 - -1)) + 5 + -1.
-36
What is the value of 10 + 0 + 34 + (5 - 22 - -2)?
29
What is -25 - ((0 - 1) + 85 + -92) - 6?
-23
What is the value of -3 + 2 + 7 - (7 - 19 - -16)?
2
-8 + -11 + 7 + -6 + 5
-13
What is the value of 227 + -204 - (-3 + -1 + 12)?
15
Evaluate 23 - (14 + 4 + 16).
-11
What is the value of 19 - (-2 - (-13 + 4) - 13)?
25
11 - (26 + 1 - 22)
6
Evaluate (12 - -1) + (51 - 60).
4
Calculate (-2 - 0) + -8 + (14 + 11 - 5).
10
Evaluate 0 - (-4 + 5 - 9).
8
-5 - (-31 + 18) - (29 + -1)
-20
(-19 - -14) + (12 - -4) + (1 - 9)
3
Calculate 14 - 14 - (9 + 2 + -4) - -14.
7
Calculate (-1 - (32 + -20)) + -10.
-23
Calculate -32 + (1 - -17) + -1 + -10 + 1.
-24
What is -2 + 24 - (-33 - -50)?
5
Evaluate -2 + 1 - (13 + -15 - (2 - 4)).
-1
What is 3 - (-1 - -1) - (-24 + (40 - 13))?
0
What is the value of (22 - 0) + 20 + -53 + 40?
29
What is the value of (12 + (-28 - -5) - -16) + -2?
3
Evaluate -19 + (-24 + 1 - -63).
21
(1 - 5 - ((-6 - -18) + -6)) + 1
-9
What is 8 + 1 + -5 - (-2 + -2)?
8
Calculate -36 - (-1 + -23 + 8).
-20
What is 0 - (4 + (-2 - 7 - -7))?
-2
Evaluate (0 - -2) + -11 + 0 + 21 + 2.
14
What is 0 + -6 + 9 + -16 + 5?
-8
-3 - (10 + 27 + -30)
-10
What is the value of 165 + -145 - (8 - -1)?
11
Calculate -9 - (-30 + -4 + 15).
10
What is the value of 4 + 0 + (5 - 5 - (1 - -5))?
-2
-11 + (-26 - (-5 + -6)) - -1
-25
Calculate -31 - (-7 - 39) - (2 + 19).
-6
17 + -8 + (16 - 10 - -5) + -4
16
Evaluate (3 - 13) + -89 + 104 + (-17 - 0).
-12
What is the value of -20 + 2 + (1 + 13 - (9 - 4))?
-9
(3 - 7) + -3 + 7 + -1
-1
What is 10 + (-21 - -37) + -4?
22
Evaluate -15 + -34 + (-6 - -29).
-26
What is the value of -5 - (5 + 5) - -12?
-3
What is 14 + -33 - (9 + -4 - 10)?
-14
Calculate -2 - ((-3 - -5) + 1 - -6).
-11
Evaluate -6 + -15 + 29 - (-3 + 8).
3
Calculate -13 + 1 + 1 + 110 + -112.
-13
Calculate (3 + 3 + -4 - (6 - 1)) + -3.
-6
What is 6 - (10 - (5 + 1)) - -9?
11
Evaluate -33 + 1 - (52 - 68).
-16
Calculate 35 + -19 + (-8 - 11) + 19.
16
What is -2 - (-4 - (4 + -15 - -4))?
-5
Calculate -2 - -7 - (4 + (-2 - -2) + -12).
13
Calculate -76 + 83 + (-2 + -2 - (4 - 2)).
1
Calculate (72 - 92) + 0 + 11.
-9
-48 + -14 - (25 - 71)
-16
Calculate 1 + -56 + 3713 + -3692.
-34
Evaluate (0 - 1) + -5 - (1 + 24 + -28).
-3
(3 - (3 + 13)) + -3 + (-2 - -9)
-9
Calculate 0 + (-4 - 1) + (-66 - -56).
-15
Calculate -4 - (10 + -16) - 5.
-3
What is 11 + 11 + -27 + -15 + -3?
-23
-2 - -5 - 9 - -3 - 8
-11
Evaluate -10 + (-4 - 2 - (-3 + -1)).
-12
What is 6 + (8 - 15) + -1 + -2 + 11?
7
Evaluate 2 + -1 - (-198 + 186 - (-2 + -5)).
6
Evaluate -11 + (-11 - 0 - -31).
9
Calculate (-23 - -16) + 8 - -10.
11
Evaluate -22 + 2 + 43 + -25.
-2
0 + (-1 - (6 + (-4 - -8))) - 5
-16
What is the value of (-6 - (6 - 12)) + 4 - (11 - -5)?
-12
What is 42 - 32 - (0 - (-44 - 2)) - -5?
-31
Evaluate 0 + -11 + 16 + 8.
13
Calculate 0 + -5 + 0 - ((-16 - -10) + 4).
-3
What is the value of 1 + 8 + -7 + -1 + -9 + -8?
-16
What is the value of (1 + -13 - (128 - 137)) + -1 + 2?
-2
Evaluate (-12 - (-1 - 2)) + 0 + 6 - 4.
-7
What is 2 + -1 - ((0 - 2) + 7)?
-4
Calculate 10 - (3 + -1) - (590 + -558).
-24
Evaluate (-25 - (-5 - 47)) + 1 + -4.
24
What is (4 + -3 - (0 + -6)) + 1 + -8?
0
8 - (-3 + 4 - (4 - 29))
-18
(5 - 7) + -6 - 3
-11
Calculate (-12 - -1) + (-69 - -88).
8
-8 + 20 + -33 + 8 + 1
-12
Evaluate 2 - 1 - ((2 - 19) + 10).
8
Calculate -18 - (11 + (-7 - 10)).
-12
What is the value of 7 + (-2 - (1 + -10 + 8))?
6
5 + -6 + (-12 - (-13 - 3))
3
Calculate 1 + 11 + (-48 - (-22 + -25)).
11
What is 14 + -2 + -1 + 10 - (-1 + -1)?
23
16 - (6 + (15 - (-21 + 12)))
-14
6 + (-4 - (1 - -7) - (8 - 11))
-3
-791 - -791 - (1 + (-13 - -1))
11
What is (-14 - -3) + 0 + 12 - -10?
11
Calculate (0 - -1) + (-10 - -9) + (-6 - 0).
-6
What is 3 - (-114 + 118 + 8 + -1)?
-8
What is -6 + -1 + (-18 - -7 - -3)?
-15
Calculate 8 - ((-4 - -24) + -10).
-2
Calculate 5 - 0 - 6 - (8 + 0 + -2).
-7
Calculate 6 - (22 - (9 + (-10 - (6 + -6)))).
-17
What is the value of 1 - -2 - (4 - (-10 - (-20 - -10)))?
-1
Evaluate (4 + (-4 - -1) - -8) + -8 + -22.
-21
What is the value of 5 + 4 - 8 - -4?
5
-5 + 6 + 7 + 7 + -17 + 0
-2
Calculate 17 + -4 - (59 + -57).
11
Calculate -5 + (31 - 2) - (61 + -49).
12
Calculate -26 + 20 - (0 - -9) - -8.
-7
What is 349 + -347 + (-1 - 17)?
-16
What is 4 - (-2 + (-2 - -4)) - (6 - 3)?
1
What is -10 + -8 - (-132 - -97)?
17
Calculate -1 - 16 - (-358 - -333).
8
Evaluate (5 + -23 - -14) + 6.
2
What is the value of (-34 - -6 - 5 - -7) + 6?
-20
What is the value of -8 - (-5 - (28 + -30))?
-5
Calculate -4 + 10 - (32 - (-21 + 39)).
-8
Evaluate -3 + (2 - (4 - 2)) + -7.
-10
What is the value of -7 - (-5 + 3 + 0 + 0 + 1)?
-6
What is the value of 11 + -3 - (-10 - -23)?
-5
What is -213 - -216 - (-2 - (-2 - 4))?
-1
Calculate (-3 - (7 + -15)) + 5 + 0.
10
Calculate 13 - (20 - 4 - (-27 + 36)).
6
Evaluate -7 + (5 - ((-8 - (-10 - 1)) + 0)).
-5
What is -56 + 100 - (34 - 1)?
11
(-13 - (-5 - 9)) + -12
-11
What is 11 + (59 - 61 - (-1 - 0))?
10
What is the value of -19 - -37 - (-4 - -17)?
5
24 + 0 + 181 + -203
2
What is 37 - (-6 - (-64 - -29))?
8
Calculate -11 + (-11 + 5 - -17 - (-7 - -12)).
-5
28 + (13 + -1 - (-72 + 77)) + 5
40
Calculate 27 + -33 - (4 - (0 - -7)).
-3
10 + 1 + -462 + 430
-21
What is the value of 7 + 0 + (23 + -66 - -25)?
-11
Calculate 1 - 11 - (-17 + -13 + 23).
-3
What is the value of -32 - 0 - (-19 + -14 + 20 + 8)?
-27
5 + -1 - (25 - 12)
-9
Evaluate -4 - (-6 + (2 - (-3 + -4))).
-7
8 + 1 + -1 + (2 - 28 - 3)
-21
What is -2695 + 2684 - (5 + 5 - (3 - 1))?
-19
(4 - (1 + 3)) + -10 + 12 + -17
-15
What is (13 - (28 + -38)) + -22?
1
3 + 0 + 1 + 5
9
What is the value of (4 - (16 + (16 - 13))) + 26?
11
Evaluate 10 + -19 + (1 - -5).
-3
Evaluate 0 - -7 - (1 - (1 + -3 + 10)).
14
What is the value of 5 + -12 + 25 - 29?
-11
Evaluate -2 + 4 + -7 + 5 + -14.
-14
What is the value of (8 - (8 + (-6 - 9) - 1)) + -3?
13
-20 - (-31 + 26 + -5)
-10
What is the value of (2 - -12) + -4 - 11?
-1
-4 - -1 - -11 - (0 - -33)
-25
What is -14 + 20 + 4 - (1 - -23)?
-14
What is the value of -80 + 65 + 4 + -1 - -12?
0
-2 - (23 + -20 + 4)
-9
-11 + -1 + (15 - 8) + -7
-12
-12 - (24 + -43 - -9)
-2
What is the value of 5 - 4 - 14 - -2 - (1 + -4)?
-8
Calculate -16 + 34 - -6 - 11.
13
What is the value of -7 + (10 + (5 - 13) - 0) + 12?
7
(-1 - (-9 + -4 + 0) - -1) + -11
2
Calculate 9 + -34 + 21 + 5.
1
Evaluate -811 + 786 + 2 + (-2 - -9).
-16
-9 + 0 - (-3 - -2) - (-3 + 8)
-13
Calculate -41 + 4 + (-15 - (-24 - -1)).
-29
-25 - -7 - 8 - -18
-8
Evaluate (-4 - -2 - -3) + 5 - (14 + -18).
10
Evaluate 4 + 0 + -3 + (8 - 2 - 6).
1
-19 - (-9 - (13 - (-17 + 7)))
13
0 - -9 - (1 + -4 - -12)
0
Calculate (5 - -4 - 0) + -3 + (-14 - 1).
-9
What is the value of 7 + (23 - 18) - (-2 + 1)?
13
(1 + 8 - (-27 - -4)) + 7 + -4
35
Calculate 2 - -1 - -3 - -10 - (21 - 19).
14
What is the va